9 - -10 - 16) + 5 + 2).
-1
Evaluate -13 - (10 - (0 + -4) - 52).
25
Calculate -4 + (-3 - 7) + -37 + 37.
-14
-3 + (-6 - -2 - (-43 - -37))
-1
What is (-15 - (-65 - -9)) + -13?
28
What is the value of ((4 - -3) + -1 - 7) + 8 + 2?
9
What is 0 + -1 - (23 - (7 - -10))?
-7
Calculate 3 - (-5 + 6 + -4) - (-4 - -9).
1
What is (-5 + -18 - -19 - 7) + 0 + 16?
5
What is -10 - (-1 + 1) - (246 + -253)?
-3
What is -2 + (-2 - -16) - (395 + -402)?
19
What is the value of -10 + 13 + (7 - 8 - (-2 - 2))?
6
Calculate -30 + (-9 - -29 - 7).
-17
Calculate (14 - -28) + (-13 - 1).
28
What is -5 - (5 + -9 + 8 + -12 + 0)?
3
What is 1 + -6 - (9 + (-14 - -5 - 6))?
1
What is the value of (-18 - 13 - -22) + -15?
-24
Calculate 15 + ((-2 - 1) + 7 - (-5 - -3)).
21
What is -4 + (-20 + (-12 - -33) - (-1 - -2))?
-4
Evaluate -13 + 6 + (8 - (-9 - -18)).
-8
Evaluate -30 + 37 + -5 + 13.
15
-1 + -4 + (21 - (36 - 11))
-9
Calculate -15 - (-175 - -178 - (-12 - 0)).
-30
What is the value of 67 + (46 - 90) + -13?
10
What is the value of -13 + -5 + 2 + 5 + 7?
-4
What is -100 - -137 - (-2 + 29)?
10
Evaluate -5 + 1 + (-13 - 5) + -1.
-23
Calculate 17 - (27 + -20 + 33).
-23
What is the value of 5 + 9 + -27 + 14?
1
What is the value of -4 + -3 - (12 + -18 - -2)?
-3
Evaluate (-16 - -7) + (7 - 10) + 17.
5
6 - -1 - (587 - 595)
15
Calculate (3 - (-4 + 2)) + -56 + 75 + -18.
6
(5 - 1) + 74 + -85
-7
What is 9 + 0 + (11 - (-37 + 27)) + -18?
12
Calculate (21 - 12) + -14 + (0 - 7).
-12
2 - ((-2 - (2 - 23)) + -83 + 73)
-7
What is the value of 0 - (1 - -2) - (-25 - -11)?
11
Evaluate -49 + 25 - (-8 - -3).
-19
What is the value of -4 + -11 + 6 - (-4 - 6 - 0)?
1
Calculate 12 - (-5 + 1 + 13 - (-3 - -9)).
9
What is the value of 0 + -15 + -10 - (-3 + (2 - 1))?
-23
What is the value of -6 - 1 - (8 + (1 - 50) + 10)?
24
Calculate -3 - 4 - 16 - -16.
-7
What is -8 - (-11 + -8 + 6 + 4)?
1
62 + -19 + -25 - 12
6
Evaluate (33 - 27) + (0 - -6) - 36.
-24
Evaluate -30 + -6 + -3 + 27.
-12
Evaluate -5 - (15 - (-14 - -9 - (-7 - 3))).
-15
Evaluate 16 + -5 + -12 + (7 - 10).
-4
Calculate -25 + -9 + 17 + 6.
-11
What is the value of -1 + -18 - (92 + -101)?
-10
Calculate 4 + 7 - (6 + -8 + (-22 - 0)).
35
What is (2 - 7) + (-17 - (-11 + 0))?
-11
What is the value of 27 + -22 + 23 + -9?
19
What is -19 + (-8 - ((3 - 17) + 3))?
-16
Evaluate -5 + -8 + 8 + -3.
-8
What is the value of 5 + (22 + -76 + 22 - (-8 - 1))?
-18
What is the value of -15 + (15 - (-2 - -1))?
1
What is the value of (9 - (3 - -2)) + -11 + (3 - 12)?
-16
Calculate 43 - 61 - (0 - 42).
24
Calculate 10 - 5 - (-60 + 47).
18
Evaluate 2 + (-9 - -3 - 1 - (-6 - -7)).
-6
-8 + (-5 - 9 - -22)
0
What is 3 - ((-7 - 8 - -5) + (2 - -5))?
6
Calculate -2 + (1 - (-2 - (1 + -2) - 16)).
16
53 + -44 - (-14 + 1 + -4)
26
Evaluate -3 + (0 - (1 - -9 - (34 - 35))).
-14
What is -1 + 0 + (-79 - -73) - (-9 + 0)?
2
Evaluate -6 + 10 + (6 - 13) + -1 + 1.
-3
What is the value of 73 + -92 + (-2 - -17)?
-4
6 + -7 + (-4 - -15) - (-1 - -49)
-38
What is -8 + 2 - (4 - 19 - -15)?
-6
Calculate 9 - -1 - (2 + 11 - (-81 + 84)).
0
What is (7 + -12 + 7 - -6) + (-3 - -4)?
9
What is (-11 - -2) + (3 - 8) + 1 + 2?
-11
What is the value of -4 + 11 + (1 - -5) + -4?
9
What is (-55 - -51) + (4 - 6) + 17 - 18?
-7
What is 5 + (-9 + 24 - (-4 - 2))?
26
What is 7 + 6 + (-2 - (-1 + 1) - -2)?
13
What is -7 + -1 + 11 + (0 - 18)?
-15
What is the value of (34 - 16 - 12) + -4?
2
What is -22 + 4 + (18 - 6)?
-6
What is the value of 39 - 61 - (0 + -1)?
-21
What is the value of -1 + (17 - 6) + -16 - -2?
-4
Calculate -19 + 14 - -6 - 2.
-1
What is the value of 15 + (7 - 4) + -5 + -2 - -6?
17
7 - (17 + -18 + 9)
-1
What is (27 - (12 - -18)) + 3 + -1?
-1
3 - (-95 + 102 + (0 + -1 - -3))
-6
What is the value of -3 + 4 + 12 - 10 - (0 - 0)?
3
Evaluate 3 - (-37 - -3) - (660 + -651).
28
What is 20 + 4 + (16 - 18)?
22
What is -4 - (5 + 1 - 22)?
12
Calculate -2 + 11 + -11 + -1 + 3 + 7.
7
What is the value of (-7 - (41 - 23)) + 3?
-22
What is (-16 - -25) + -8 - 20?
-19
0 - -12 - (-17 + 23) - 6
0
8 - (-8 - -7) - (-6 - -7)
8
8 - (25 - 15) - (-5 - -3 - -4)
-4
What is the value of -16 - (15 - ((-16 - -17) + 7))?
-23
Calculate -23 + (17 - (-17 + 18)).
-7
Calculate -24 - (-7 - 11) - (-4 + 1) - -17.
14
Calculate -35 - ((-11 - -10) + (-14 - -6)).
-26
-3 + -2 - -9 - (0 - (6 - 21))
-11
Calculate (-7 - -20) + -7 + 15 - (-2 - -4).
19
Calculate 49 + -19 - 25 - (-1 + -1 + 26).
-19
Calculate 36 + -14 - 28 - (1 - (1 - 0)).
-6
Evaluate 22 - (-10 + 30 + -20).
22
What is the value of -5 - -3 - (-71 + 78)?
-9
What is the value of -1 - (-5 - -11 - 8) - 5?
-4
Calculate 4 - (-13 + 3) - (34 - -4).
-24
What is (-4 - (11 - 22)) + (-17 - -1)?
-9
What is (-117 - -108) + (0 - 1) + 29?
19
31 + 2 + -23 - (1 - -16)
-7
What is the value of (357 - 360) + 3 + (-2 - (2 + -2))?
-2
Evaluate (1 - -12) + 72 + -78 + 1.
8
Calculate (-4 - 3) + 5 - (-14 + 13) - 4.
-5
What is the value of 19 + -1 + 5 + 0 + 19 + -32?
10
-20 + (105 - 39 - 28)
18
Calculate (-4 - 3) + -26 + 40.
7
What is 3 - (21 + -20 + -24 - (-10 - -1))?
17
Evaluate -40 - -1 - (853 + -887).
-5
What is 19 + -9 + -11 + (0 - -13)?
12
(-13 - (-12 - -10)) + (7 + -9 - -8)
-5
Evaluate -4 - (4 + -1 - ((12 - 3) + -5)).
-3
What is 2373 - 2379 - (-1 + (13 - 0))?
-18
Evaluate -5 - 1 - (81 + -78).
-9
What is 8 - (5 - (6 - 16))?
-7
Calculate 5 + (-1 - (18 - (1 + 4 - 11))).
-20
What is -21 + (-7 - -10) - -12?
-6
Calculate 0 + 0 + 1 - ((17 - 33) + 10).
7
Evaluate 25 + (-3 + -18 + -2 - -5) + 10.
17
Calculate -4 + 6 + 1 + -14.
-11
What is -11 + -1 + 11 + 0 + 10?
9
What is the value of -3 - 19 - (0 + (-1 - 5))?
-16
Evaluate 15 - 5 - (-10 - (7 + -32)).
-5
27 + 0 + 1 - (-21 + 131 - 103)
21
Evaluate -5 + 3 - -7 - (4 + 6 + -14).
9
What is 26 - 52 - -9 - 3?
-20
What is the value of -22 + (-20 - (-7 - 11))?
-24
Evaluate -22 - ((18 - 11) + -10).
-19
Evaluate -10 - (2 + -11 + 18 + -36).
17
-13 + (0 - 2) - (-11 + -3 + 7)
-8
What is -3 - (4 + (6 - (4 - -4)) - 3)?
-2
Calculate (-17 - -19) + -29 - (5 - -7).
-39
What is (12 - 13) + -5 + (-2 - -11)?
3
Evaluate -77 - -36 - (-31 + -6).
-4
Evaluate -35 + 26 - -27 - (-5 + -2).
25
Evaluate -28 - (-26 + 5 + 30).
-37
Evaluate -3 + 7 + -3 + -16.
-15
Evaluate -3 - ((7 - -4) + -16) - -23.
25
What is 0 - (19 - (-5 - -40) - (-5 - 1))?
10
0 + -4 + (13 + -2 - 5 - 12)
-10
-3 + (-1 - 0) - (8 + -24)
12
Calculate 20 - ((-23 + 17 - -10) + -15).
31
What is -1 + 27 + -10 + -7?
9
Evaluate (4 - (-3 + 0 - -4)) + (17 - 29).
-9
What is 2 + 33 + -16 + -23?
-4
Calculate 59 + -31 - (-6 + 3 - 2).
33
What is 5 + (11 - 3 - (2 + -3)) + -2?
12
-5 + 31 + -31 - (2 - 1)
-6
What is 22 - (-8 - (-12 - 6))?
12
Evaluate 28 - ((4 - -7) + -4 - -1).
20
What is -13 - (-24 + (-1 - 10 - 6))?
28
(1 - 11) + 7 - (-4 - 5)
6
Evaluate (2 - -1) + -260 + 275.
18
Evaluate (-1 - 6) + (-32 - -51) - (-2 - 2).
16
Evaluate (-4 - 0) + -13 + -8 + 14.
-11
Calculate 8 + 2 + 27 + (121 - 137).
21
What is the value of (2 - -1 - (21 - 6 - 12)) + -8?
-8
-8 - (1 - 1) - (14 - 29)
7
Calculate 1 + 1 + (113 - 117) + 1 + -1.
-2
-7 - (2 + (1 - (-7 - -8)))
-9
What is the value of -2 + (-7 + -10 - -8)?
-11
15 + -35 + 43 + -41
-18
What is the value of (11 - 14 - (-2 - -2)) + (1 - 7)?
-9
Evaluate 3 - (17 + (-1 - 4)).
-9
What is -1763 + 1778 + (0 - 2 - (2 - 2))?
13
What is the value of 15 + (-66 + 6 - -8) + 8?
-29
Evaluate -10 + (-5 - (-6 - -1)) + 4.
-6
Calculate 5 - (-2 + (-10 - -5) + 3 + 1).
8
What is the value of 1 + (-4 + 1 - (6 + -24 + 9))?
7
What is -16 + 8 - 7 - -11?
-4
Calculate -1 + (2 - -1 - 2) + 1 + 9.
10
1 + -7 - -10 - 4
0
What is (33 - 10) + 4 + -28?
-1
Calculate -5 - (-20 + 4 - 2).
13
Evaluate 6 + (6 - (12 - (-2 - -10))) - -10.
18
-4 + (1 - -9) + -3
3
What is the value of 16 - (0 - (7 - 22 - -8))?
9
Evaluate 1 + (0 - (-2 - -7 - 0)) + -3.
-7
Calculate -9 + 26 + -2 + (-11 - -6).
10
Calculate -4 + 3 - (0 + (-9 - -12)).
-4
Calculate (8 - (17 - 6)) + 3 + -9.
-9
What is the value of 792 + -766 + (-2 - -2 - 10)?
16
Calculate (17 - 13) + -18 + 9 + -8.
-13
What is 7 - (26 + (11 - 6 - 12))?
-12
Calculate -46 + 1 - (-104 + 93) - -13.
-21
Calculate (-14 - -7) + 9 + 6 + 4 + -2.
10
What is the value of (8 + 2 - (81 + -99)) + -4 + 0?
24
What is (500 - 521) + 2 + 26?
7
What is the value of -28 - (-25 - (-19 - -24))?
2
What is 11 - (16 + 13 + -14)?
-4
Calculate 4 + -4 + 6 + 31 + -15.
22
What is the v